f**2 + 1. Give j(h).
1
Suppose 0 = 2*s - 3*w - 1006, -70 = 2*s - 5*w - 1072. Let o = s - 513. Let u(g) = -g**3 - 6*g**2 + 7*g - 2. Give u(o).
-2
Let c(s) = -10*s**3 - 129*s - 128. Let q be c(-1). Let v(z) = 4*z**2 - 40*z - 29. What is v(q)?
15
Let k(w) = -w**2 - 4*w + 4. Suppose 16*y - 21*y - 45 = 0. Let m be y/(-3)*-1*-7. Let u = 15 - m. What is k(u)?
-8
Let a = -5902 - -5899. Let w(p) = -p**2 + 8*p + 18. What is w(a)?
-15
Let q(a) be the second derivative of -a**5/20 + a**4/6 - a**3/6 + 5*a. Let z = -100 + 96. Let j(y) = -3*y - 11. Let d be j(z). Determine q(d).
0
Let t(b) = 3*b**3 - b**2 - b - 1. Let x(p) = 13*p - 10*p**2 + 27*p**2 - 24 - 13*p**2. Let v be x(-7). Let g = v - 82. Determine t(g).
-4
Let n(s) = -s**2 - s - 1. Suppose -i = -i + i. Suppose -3*r + i*q = -q + 2, r = -3*q - 4. What is n(r)?
-1
Let u be 4 + 1/((-1)/2). Let n(p) = -5*p + 2*p**2 + 22*p - 2*p**2 - 16*p + 2*p**3. Let b(r) = -9*r**3 - 5*r**2 - 4*r + 1. Let m(c) = b(c) + 5*n(c). Give m(u).
-9
Let c be 2/((-1 - 0)/1). Let n = c - -1. Let i(a) = 267 + 6*a - 6*a - 13*a - 6*a + 270 - 538. Determine i(n).
18
Let s(x) = -8*x**2 - 19*x + 42. Let w(l) = -7*l**2 - 18*l + 37. Let p(o) = -6*s(o) + 7*w(o). What is p(-8)?
39
Let t(c) = 8*c - 10 + 8*c**2 + 1 - 9*c**2. Suppose -4*s + 50*d - 47*d + 24 = 0, -s + d = -6. Calculate t(s).
3
Let q(s) = -29*s**2 - 2*s - 1. Let p(r) = r**3 - 10*r**2 - 230*r - 22. Let m be p(21). Give q(m).
-28
Let h be (-4)/(64/(-112)) + (-16)/(-2). Let w(b) = -12*b + 153. Give w(h).
-27
Suppose 6*m - m - 25 = 0. Let g(d) = d**3 - d**2 + d - 1. Let c(n) = -n - 4*n**2 + 4 + 3*n**2 - 3*n**3 + 5*n + 7*n**2. Let p(b) = -c(b) - 2*g(b). Give p(m).
-7
Let h be (-2)/2 + 27 + -791 + 789. Let n(z) = -z**3 + 23*z**2 + 22*z + 20. Calculate n(h).
-28
Let u(q) = 3*q**2 - 23*q - 4. Let p be ((-21)/12)/((-749)/2568). What is u(p)?
-34
Let l(t) be the third derivative of -t**5/60 + t**4/2 - 2*t**3 + 6568*t**2. Suppose -5*s - 30 = -8*s. Calculate l(s).
8
Let d be (-18)/4*(-4)/6. Let v(c) = -7*c**2 + 5*c - 57. Let x(w) = 6*w**2 - 5*w + 48. Let j(y) = 5*v(y) + 6*x(y). Calculate j(d).
-3
Let u(i) = 2 + 14*i**2 - 7*i**2 - 4*i - 3*i + 13*i. Determine u(-3).
47
Let l be 3 - (-17)/((-170)/(-12))*60/(-24). Let k(p) = 49*p + 13. Give k(l).
13
Let u(v) = 157*v - 602*v + 141*v + v**2 + 154*v + 149*v. Let r(g) = 5*g - 1 - 4*g - 3*g - 5. Let k be r(-4). What is u(k)?
2
Let x = -323 - -328. Suppose 0 = x*z - 35 + 20. Let l(a) = 4*a + 3. Give l(z).
15
Let b(o) be the third derivative of -o**6/120 + o**5/30 + 3*o**4/8 - o**3/6 + 1755*o**2. Calculate b(3).
17
Let g(o) = -o**3 - 4*o**2 + o + 2. Let t(m) = -5*m**2 + 27*m + 64. Let u(l) = -6*l**2 + 27*l + 62. Let r(p) = -7*t(p) + 6*u(p). Let w be r(-24). Give g(w).
-2
Suppose -9 = -5*h + 2*r, 9*h + 12 = 12*h + r. Suppose -d + 1 = h*l - 7, l = 3*d + 6. Let x(q) = 8*q**2 + 2*q - 2*q. What is x(d)?
8
Suppose 5*z + 5 = -0. Let u(i) be the first derivative of -i**7/84 - i**5/120 + 4*i**3 - 5*i - 292. Let f(g) be the third derivative of u(g). Give f(z).
11
Let v(h) = -h + 4. Let r(c) = -1. Let a(s) = -6*r(s) - v(s). Let u(b) = -19*b + 5. Let x(q) = -2*a(q) + u(q). What is x(1)?
-20
Let q(x) = 6*x**3 + 16*x**2 + 7*x - 3. Let m be q(-2). Let c(j) = -2*j**2 + 9*j + 7. Calculate c(m).
-4
Let r be (-6152)/2307*((-18)/(-4) - 0). Let w(j) = -8*j - 94. Determine w(r).
2
Let n = -2064 + 2063. Let t(l) = -3*l**3 - 2*l**2 - 5*l - 3. Calculate t(n).
3
Let h = -117 - -26. Let a be (-152)/14 + 13/h. Let j(x) = -x - 8. Give j(a).
3
Suppose 3 = -14*k + 15*k - l, 0 = 4*l - 16. Let x(q) = q**2 - 4. What is x(k)?
45
Suppose -12 = z + 3*l, 2*z = -0*l - 3*l - 21. Let s(d) be the second derivative of -d**5/20 - 7*d**4/12 + 19*d**3/6 + 5*d**2/2 + 409*d - 16. Give s(z).
-4
Let q(o) be the first derivative of o**3/3 - 25*o**2/2 + 40*o - 9728. Give q(23).
-6
Let u be ((-8)/(-10))/(8 - (-117)/(-15)). Suppose 3*k = -d - 0*k - u, 2*k = -5*d + 6. Let n(i) = -4*i**2 + 3*i - 2. Give n(d).
-12
Suppose -3*w + 3*f = 4*f - 21, 5*f = 15. Suppose 2*g = g - w. Let s(d) = 0*d + d + 5*d - 7*d + 21 - 27. Calculate s(g).
0
Let k(n) = n**3 + 8*n**2 - 11*n. Let b be ((-1)/4)/(2/(-8)) + -15. Let p be 2/b - (-124)/(-14). What is k(p)?
18
Let j(v) = 26*v - 522. Let h(x) = 5*x - 102. Let s(q) = -31*h(q) + 6*j(q). Give s(-17).
13
Suppose 11*h + 6*h - 187 = 0. Let s(v) = -9*v**3 + 5*v**2 - 5*v - 7. Let g(x) = 17*x**3 - 9*x**2 + 9*x + 13. Let n(f) = h*s(f) + 6*g(f). Give n(1).
4
Suppose 0*q - 15 = -3*q. Suppose 0 = -0*n + q*n. Let b(p) be the second derivative of p**5/20 - p**4/12 - p**3/6 + 2*p**2 + 3*p + 131. Calculate b(n).
4
Let j = -37 - -40. Let m(d) = -3*d - 4*d - 4 + j*d - 4*d + 9*d. Let o = 7 + -4. Calculate m(o).
-1
Let w be (1/(-3)*2)/(((-1984)/(-93))/32). Let r(q) = -q - 12. What is r(w)?
-11
Let b(j) = -13*j - 18. Let z = 6306 - 6301. Calculate b(z).
-83
Let d be 1 + -2 + 1*2. Let c(t) = 1. Let f(l) be the first derivative of 7*l**2 - l + 65. Let h(s) = -2*c(s) - f(s). Give h(d).
-15
Let q be 9/(-5)*(-2500)/75 - 4. Let b(c) = -c + 3. Let n be b(3). Suppose 7*p = -n*p - q. Let l(z) = -z**2 - 9*z - 11. Give l(p).
-3
Let b(a) = 3*a - 1. Let t(q) = 6*q**2 + 3*q + 9. Suppose -4*o + 2*k - 2 = 0, -k - 2*k - 15 = 0. Let f be t(o). Let j = f + -49. Determine b(j).
14
Suppose 3*o - 2 = 5*k, -2*o - 2*k - 13 + 25 = 0. Let h(u) = -u**3 + 2*u**2 + 2*u - 4. Give h(o).
-28
Let s(a) = 3*a**2 + 4*a - 4. Let o(k) = -k**3 + 2*k**2 - 37*k - 39. Let p be o(-1). Give s(p).
3
Let q(b) = b**3 + 8*b**2 + 19*b + 47. Let z(j) = -8*j**3 - 65*j**2 - 161*j - 375. Let o(g) = -17*q(g) - 2*z(g). What is o(-7)?
7
Let l(n) = -n**3 + n**2 - n - 1. Suppose 314*d + 12 = 320*d. Let f(h) = -h**2 + 0*h**3 - 8*h + 2 - 3*h**2 - 3*h**3. Let q(j) = d*l(j) - f(j). Give q(-5).
-9
Let u(a) = 12*a - 45. Let j be u(4). Let v(s) = -3*s**3 + 6*s**j - 3*s**2 + 2*s + 7*s**2 - 2 - 2*s**3. What is v(-2)?
2
Suppose -9*o + 10*o + 8*o - 171 = 0. Let w(c) = -c**2 + 16*c + 35. Give w(o).
-22
Let n(g) = 4*g + 35. Let v be n(-5). Let b be (-3)/(18/15)*(-36)/v. Let q(r) = -3*r**2 + 3*r**2 - 7 - r**2 + 8*r. Give q(b).
5
Let s(d) = d**2 + 7*d - 90. Let m be s(12). Let t = m - 140. Let z(q) = 2 - 3 + 3*q**2 + 2*q**3 - 1. What is z(t)?
-6
Let v(b) = 2*b**3 - 1. Let p be v(1). Let l be ((-10)/25 - p)/(1/(-5)). Let t(a) = -a**2 + 10*a - 9. Calculate t(l).
12
Let w(h) = -3*h - 1. Let d be w(1). Suppose 5*m - 5*s - 25 = 0, 0 = -m + 6*m - 4*s - 22. Let v(b) = 173*b**m - 178*b**2 - 4*b - 2 + 3*b**3 - 4*b**3. Give v(d).
-2
Let p(v) = -17*v - 252. Let y(o) = -86*o - 1262. Let a(x) = -16*p(x) + 3*y(x). What is a(-17)?
8
Let h(m) = -75*m**3 - 9*m**2 - 34*m + 71. Let v(z) = 32*z**3 + 4*z**2 + 17*z - 36. Let y(x) = 3*h(x) + 7*v(x). Give y(3).
-6
Let d(m) = 1895*m - 615*m - 650*m - 218 - 625*m. Determine d(41).
-13
Let j(q) = 3 - 8*q - 3 - 5 + 4. Suppose -r - 9 = -3*z, -30*z + 5*r = -25*z - 25. What is j(z)?
-17
Let o(h) = -2*h**3 - h**2 + 9*h - 5. Let f be 10/15 + (-8)/(-6). Determine o(f).
-7
Let d(w) = 10*w + 2. Let r(b) = 73*b + 10. Let c(g) = -8*d(g) + r(g). Calculate c(2).
-20
Let t = 124 + -93. Let f(p) = -12*p**3 + t - 28 + 2*p + 11*p**3. Calculate f(3).
-18
Let c(a) = a + 2. Let g be -12*(2/(-6) - 4194/216). Let u = g + -246. Determine c(u).
-7
Let w(b) be the first derivative of -b**4/8 + b**3/2 + 35*b**2/2 - 2*b + 227. Let y(p) be the second derivative of w(p). Suppose -q + 5 = -0*q. Give y(q).
-12
Let k = 2275 + -2294. Let q(y) = y + 23. What is q(k)?
4
Let i(c) = 104 - c**3 - 11*c**2 - 43 - 10*c - 62. Calculate i(-10).
-1
Let p = 13 - -6. Let t be -6 + (-68)/(-5) + 6/15. Suppose -18*h + p*h = t. Let s(x) = x - 11. Calculate s(h).
-3
Let r be (7 - 0 - 3/3) + -8. Let y(w) = -1 - w**3 + w**2 + 4 + 2*w**3 + 3*w. What is y(r)?
-7
Let a(r) be the second derivative of -r**4/12 - r**3/2 + 3*r**2 + r. Let g = 140 - 151. Let d be -1 + 1 - ((-30)/5 - g). Calculate a(d).
-4
Let d be 5*((-26)/130)/(-2 - (-10)/6). Let r(v) be the second derivative of 17*v - 3/5*v**5 + 0*v**2 + 1/6*v**4 + 0 + 1/6*v**d. Give r(-1).
13
Let r(h) be the third derivative of h**5/60 + h**4/6 - 23*h**3/6 - 635*h**2. Calculate r(4).
9
Suppose 0 = -2*r - 121 + 99. Let a = r + 24. Let q(i) = i - 14. Determine q(a).
-1
Let o(k) = -12*k + 7. Let t(z) = 2*z - 1. Let m(r) = 6*o(r) + 39*t(r). Suppose 